t n(s) = s**3 + 6*s**2 + 5*s - 4. Let x(f) = -2*f + 2. Let i be x(3). What is n(i)?
8
Let c(s) = -s**2 - 6*s + 6. Let a(b) = b**2 + 6*b - 5. Let r(l) = -4*a(l) - 3*c(l). Determine r(-6).
2
Let h(o) = o**3 - 2*o**2 - 5*o + 1. Let w(x) = x**3 - 2*x**2 - 4*x + 1. Let i(g) = 5*h(g) - 6*w(g). Let s be (8/6)/(16/24). Calculate i(s).
-3
Let t be -4 + 7 + -2 - 5 - -3. Let a(j) = -10*j**3 + 2*j**2 - 1. What is a(t)?
11
Let n(k) = k**2 + 10*k - 10. Let m(z) = z**3 - 10*z**2 - 25*z + 1. Let b be m(12). Calculate n(b).
1
Let x(k) = 2*k - 3. Let b be x(4). Let j(d) = d + b - 2*d + 3*d. Determine j(-5).
-5
Let u(x) be the first derivative of x**2 + 7*x - 7. What is u(-5)?
-3
Suppose -5*k + 8 = -13*k. Let d(a) be the first derivative of a**3/3 - a**2/2 + a - 1. Let t(w) = -w + 1. Let z(p) = 3*d(p) - 3*t(p). Determine z(k).
3
Suppose -55 = -5*x - 5. Let a = -12 + x. Let l(i) = 3*i**3 + 4*i**2 + i - 2. What is l(a)?
-12
Let r(k) = -7*k**3 + 8*k**2 + 3*k + 5. Let p(b) = 2*b**3 - 3*b**2 - b - 2. Let o(c) = -8*p(c) - 3*r(c). Determine o(1).
5
Let n be (-2)/8 + 72/32. Let c(p) = -10 + 5 + 6 - n*p. What is c(1)?
-1
Let u be (2/(-8))/((-4 + 9)/(-20)). Let j(t) = -t - 1. Let n(g) be the first derivative of -5*g**2 - 3*g + 2. Let z(v) = 3*j(v) - n(v). Determine z(u).
7
Let c(r) = 5*r**3 + 5*r**3 - 4*r**3 - 2 + 3. Let s(z) = -z - 3. Let h be s(-4). What is c(h)?
7
Let p(f) = -2*f**3 - 6*f**2 - 4*f - 2. Let k(u) = 2*u**3 + 5*u**2 + 3*u + 2. Let c(l) = 4*k(l) + 3*p(l). Let z = -1 + 5. Suppose z*g = 3*g - 2. Determine c(g).
-6
Let m(n) = 0*n + 4*n + n**2 + 0*n**2 - 7. Let a = -67 + 62. Give m(a).
-2
Let l(c) = 5*c**3 + 7*c**2 - 3*c - 2. Let d(n) = -14*n**3 - 21*n**2 + 8*n + 6. Let k(w) = -4*d(w) - 11*l(w). Determine k(-7).
-9
Let d(v) = -4*v**2 - 6*v + 12. Let y(k) = 5*k**2 + 7*k - 13. Let f(c) = 6*d(c) + 5*y(c). Let a = -1 + 0. Let i = -1 - a. Give f(i).
7
Let l(z) = z**3 + 6*z**2 - z + 1. Suppose 2 = 3*b - 2*b. Let v = b - 8. Calculate l(v).
7
Let t(q) = -q - 1. Let g(d) = 15*d + 30. Let f be (-10)/30*(1 - -2). Let y(p) = f*g(p) - 30*t(p). Give y(1).
15
Let r(q) = -q**2 + q + 2. Let g(h) = -4*h + h - 2 + 4 + 4*h. Let y be g(0). Determine r(y).
0
Let d = -33 + 27. Let b(u) = -15*u - 21. Let m(a) = -7*a - 10. Let o(s) = -6*b(s) + 13*m(s). Calculate o(d).
2
Let n(x) = -x**2 - 6*x - 4. Suppose -5*u + 55 = -3*g, -3*u + 5 + 29 = -2*g. Suppose 0 = 13*q - u*q + 25. What is n(q)?
1
Let h(m) = m - 12. Let p be h(11). Let w(n) = -7*n**3 - n**2 + 1. What is w(p)?
7
Let n(k) be the third derivative of -k**5/60 + 7*k**4/24 - 22*k**2. What is n(4)?
12
Let c(n) = -n + 3. Let q(p) = -2*p**3 + p**2 + p + 4. Let m be q(3). Let r = 65 + m. Let j be (-2)/(-9) - (-48)/r. What is c(j)?
1
Let g(w) = 6*w**2 + 2*w + 1. Let l = -1 - 0. Calculate g(l).
5
Let z = -7 - -2. Let s(p) = 9*p**3 + 10*p**2 - 2*p + 5. Let k(q) = -4*q**3 - 5*q**2 + q - 2. Let y(i) = 7*k(i) + 3*s(i). Determine y(z).
-4
Let y(i) = -i**2 + i + 4. Suppose 2*r + 4*r + 18 = 0. What is y(r)?
-8
Let t(c) = c**3 + 5*c**2 - 2*c - 13. Let j be t(-5). Let h(i) = -2*i - 1. Determine h(j).
5
Suppose d - 23 = 5*q, -2*d - 3*q = -0*q + 6. Let c be (0 - (0 - 3)) + -1. Let u(h) = -3*h**2 - c - 4 + h**3 + 1 + 2. Determine u(d).
-3
Let t = -1 + 0. Let q(j) = -2*j**2 - 7*j. Let x(l) = 7*l**2 + 20*l. Let c(p) = 17*q(p) + 6*x(p). Calculate c(t).
7
Suppose 5*t - 16 = -f + 9, 0 = f - 5*t + 25. Let g(r) = -2*r**3 + 4*r**2 + 2*r + 2. Let a(p) = -p**3 + 3*p**2 + p + 1. Let d(s) = -3*a(s) + 2*g(s). Give d(f).
1
Let n(k) = -k**2 + 2*k + 5. Let a(l) = 2*l**2 + l - 2. Let o be a(-2). Let b be n(o). Let q(t) = -t**3 - 4*t**2 - 2*t. Give q(b).
-3
Let g = 14 + -3. Let a(u) = 7*u**3 - 12*u**2 + 4*u - 2. Let z(o) = -23*o**2 - 5 + 17*o**3 + 8*o + 1 - 4*o**3. Let x(l) = g*a(l) - 6*z(l). What is x(5)?
7
Let z(k) = k**2 - 7*k - 3. Let p(n) = 2*n**2 - 15*n - 4. Let h(q) = -2*p(q) + 5*z(q). Determine h(6).
-1
Let q(o) be the third derivative of o**6/120 + o**5/10 + o**4/24 + 4*o**3/3 - 4*o**2. What is q(-6)?
2
Let n(w) be the first derivative of -3 + 1/4*w**4 + 5/3*w**3 + 1/2*w**2 + 5*w. Let d be n(-5). Let a(y) = y**3 + 5. Give a(d).
5
Let v(d) = d - 20. Let f be v(15). Let p(w) = -3*w + 0*w - 5 + 2*w. Give p(f).
0
Let b(p) = -p**3 + 5*p**2 - 4 + 8 - 2 - 1 - 4*p. What is b(4)?
1
Let q(o) be the second derivative of -o**4/12 - o**3/6 - o**2/2 - 2*o. Calculate q(-2).
-3
Suppose 3*s = -3*t - 2 - 1, 5*t = -4*s - 1. Let k(x) = x**3 + 4*x**2 - x. Calculate k(s).
4
Let y = -5 - -3. Let m be 5/y*12/(-10). Let f be (-8)/m - (-4)/6. Let z(v) = -v - 1. Determine z(f).
1
Let x(l) = -3*l - 2. Let r be x(0). Let n(m) = 8*m + 1. Let a(q) be the third derivative of -q**4/24 - 2*q**2. Let h(g) = 5*a(g) + n(g). Determine h(r).
-5
Let p(d) = -5 + d + 6 - 2*d. Let y(a) = a - 5. Let h(u) = 4*p(u) + y(u). What is h(-1)?
2
Let a(w) be the third derivative of w**6/120 - w**5/15 - w**3/2 + 19*w**2. What is a(4)?
-3
Let v(b) = -165*b - b**3 + 167*b + 4*b**3 - 3*b**2 - 2*b**3. Give v(2).
0
Let q(j) = j**2 + 7*j + 2. Let n be q(-7). Let y(k) = -1 - 2*k - 8*k**2 + 3*k - 1 + 9*k**n. What is y(-4)?
10
Let k(v) = v**3 - 5*v**2 + 2*v. Let t(c) = -c**2 - 11*c + 4. Let o be t(-11). Calculate k(o).
-8
Let o(m) = m**2 - 5*m - 4. Let v(s) = -s - 3. Let p be v(-8). Let r be o(p). Let f(h) = -h**2 - 3*h - 4. Calculate f(r).
-8
Let h(g) = -5*g**2 - g + 5. Suppose -1 - 21 = -3*u - 5*o, -2*u + 18 = 5*o. Let z(w) = 4*w**2 - 4. Let a(k) = u*z(k) + 3*h(k). Let b = 14 - 10. Give a(b).
3
Let g = 5 - 3. Let a(h) = -2*h**3 + 2*h**2 - 3*h + 3. What is a(g)?
-11
Let d(r) = r**2 + r - 5. Suppose 3*w - 4*w = -4. Let n be w/(-3)*(4 + -1). Determine d(n).
7
Let p(n) = 4*n**3 - 11*n**3 + 2*n**2 + 3*n - 2 + 8*n**3 + n**2. Calculate p(-3).
-11
Let c(y) = -y**2 + 3*y - 6. Suppose 3*z - z - 2 = 0, -2*z = -j + 3. Determine c(j).
-16
Suppose -4*p + 10 = -6. Let a(n) = n**3 - n**2 - n. Let v(y) = -4*y**3 + 2*y**2 - y + 6. Let x = -19 - -24. Let m(f) = x*a(f) + v(f). Determine m(p).
-2
Let f(x) = 3*x - 2. Let v be (30/90)/(1 - (-11)/(-12)). What is f(v)?
10
Let o(z) be the second derivative of 0 - 1/6*z**3 + 3/2*z**2 + 2*z. Determine o(-4).
7
Let u(j) = -4*j**2 + 0*j**3 + 7*j + 10*j**2 + 4 + j**3. Let x(g) = -3*g**2 + 6*g - 4. Let h be x(2). Give u(h).
8
Let s = -67 - -47. Let c = 15 + s. Let k(t) = -t**2 - 8*t - 6. Give k(c).
9
Let z be (-1 - 0) + 1 + 2. Let i be -2 + 0 + 7 + -2. Let x(t) = i*t - t + t. Determine x(z).
6
Let g(r) be the third derivative of -r**6/120 + r**3/6 + r**2. Let t(n) = -n**3 - n**2 - 2*n + 1. Let l be t(0). Calculate g(l).
0
Let s(w) = -5*w**2 + w - 7. Let q be 14/(-105) + 17/15. Let g(h) = h**2 + 1. Let m(y) = q*s(y) + 4*g(y). Give m(-3).
-15
Let z(l) be the first derivative of l**3/3 + 3*l**2/2 + 2*l - 54. Determine z(-3).
2
Suppose 3*l - 3 - 3 = 0, -o + l = -3. Let d(r) = -1 - 2*r - 2*r**2 + 5 - r**3 - o + r**2. Determine d(-1).
1
Let m(l) = -3*l**3 + 5*l**2 - 13*l + 1. Let j(o) = 2*o**3 - 6*o**2 + 12*o - 2. Let p(c) = 4*j(c) + 3*m(c). Calculate p(-10).
5
Let m(q) = -5*q**3 - 3*q - 9. Let u(n) = -3*n**3 - 2*n - 5. Let o(f) = 4*m(f) - 7*u(f). Let r be o(1). Let j = -2 + r. Let x(b) = -b**2 + 9. What is x(j)?
9
Let y(r) = r**2 - 5. Let f be y(0). Let k = f + 1. Let i(z) = -z**2 - 7*z - 5. Determine i(k).
7
Let h(v) = 6*v**2 - 3*v + 3. Let f be ((-6)/15)/(1/10). Let y(m) = 7*m**2 - 3*m + 3. Let n(o) = f*h(o) + 3*y(o). Give n(2).
-9
Let h(j) = -2*j - 2. Let n(t) = -t**2 + 2*t + 7. Let d be n(5). Let y be d*((-9)/(-6) + -1). Calculate h(y).
6
Let s(p) = p**2 - 13*p + 12. Suppose -5*y - 43 = -4*o, -13 = -2*o - y + 12. Determine s(o).
0
Suppose f = -4*f. Let x(g) = g**3 + 8 - g**2 - g**3 - 3 - g + g**3. Give x(f).
5
Let t(h) = -5*h + 7. Let a(z) = 4*z - 6. Let y(q) = -q - 7. Let w be y(-10). Let v(p) = w*t(p) + 4*a(p). What is v(-3)?
-6
Let i = 78 + -77. Let j(v) = -5*v - 4*v - 4 + 0. Let u(c) = -8*c - 3. Let x(l) = -3*j(l) + 4*u(l). Give x(i).
-5
Let f(j) = 5*j + 1. Let v = -2 - -2. Suppose v = -d + 2*d + 1. Let x be f(d). Let i(a) = a + 3. Calculate i(x).
-1
Let k(c) = -c + 4. Suppose 4*h + 1 = 17. Suppose -p - 3*p = -2*x, -h*p - 12 = 0. What is k(x)?
10
Let g be 3 + (-68)/20 - 7/(-5). Let a(q) = 6*q**2 + 2*q - 1. Determine a(g).
7
Let v be ((-8)/16)/(1/6). Let u = 9 + v. Let p(a) = a**2 - 8*a + 9. Ca